{"id":283,"date":"2018-12-03T06:56:41","date_gmt":"2018-12-03T06:56:41","guid":{"rendered":"https:\/\/www.raquelcanoalonso.com\/?page_id=283"},"modified":"2018-12-07T12:55:35","modified_gmt":"2018-12-07T12:55:35","slug":"presentaciones-y-congresos-internacionales","status":"publish","type":"page","link":"https:\/\/www.raquelcanoalonso.com\/?page_id=283","title":{"rendered":"Presentaciones y Congresos Internacionales"},"content":{"rendered":"<p>[vc_row][vc_column][vc_column_text]<\/p>\n<ol>\n<li><strong>Radiological Society of North America (RSNA), 103<sup>th<\/sup> Scientific assembly and annual meeting: McCormick Place (Chicago), 26 Noviembre-1 de Diciembre de 2017. <\/strong>\n<ol>\n<li>Prenatal and postnatal MRI diagnosis of cerebral tuberous sclerosis (CTS). Manuel Recio Rodr\u00edguez, Raquel Cano Alonso, Pilar Mart\u00ednez Ten, Vicente Mart\u00ednez de Vega, Silvia Badillo Rodr\u00edguez-Portugal, Chawar Hayoun<\/li>\n<\/ol>\n<\/li>\n<li><strong>Radiological Society of North America (RSNA), 102<sup>th<\/sup> Scientific assembly and annual meeting: McCormick Place (Chicago), 27Noviembre-2 de Diciembre de 2016.<\/strong>\n<ol>\n<li>How does the alcohol affect the Central Nervous System? Imaging findings. Julio Fern\u00e1ndez Mata, Mar Jim\u00e9nez de la Pe\u00f1a, Ana \u00c1lvarez V\u00e1zquez, Chawar Hayoun, Manuel Recio Rodr\u00edguez, Vicente Mart\u00ednez de Vega, Raquel Cano Alonso, Javier Carrascoso Arranz.<\/li>\n<\/ol>\n<\/li>\n<li><strong>Radiological Society of North America (RSNA), 101<sup>th<\/sup> Scientific assembly and annual meeting: McCormick Place (Chicago), 29 Noviembre-4 de Diciembre de 2015.\u00a0<\/strong>\n<ol>\n<li>Fetal\u00a0cytomegalovirus\u00a0infection\u00a0of\u00a0the\u00a0brain:\u00a0pre\u00a0and\u00a0postnatal\u00a0ultrasound\u00a0and\u00a0magnetic\u00a0resonance\u00a0imaging. Manuel\u00a0Recio\u00a0Rodr\u00edguez, Raquel\u00a0Cano\u00a0Alonso, Vicente\u00a0\u00a0Mart\u00ednez\u00a0de\u00a0Vega, Pilar\u00a0Mart\u00ednez\u00a0Ten, Bego\u00f1a\u00a0Adiego\u00a0Burgos, Cecilia\u00a0Garc\u00eda\u00a0Villafa\u00f1e<\/li>\n<\/ol>\n<\/li>\n<li><strong>Radiological Society of North America (RSNA), 100<sup>th<\/sup> Scientific assembly and annual meeting: McCormick Place (Chicago), 30 Noviembre-5 de Diciembre de 2014.<\/strong>\n<ol>\n<li>MRI Findings of Rectal Submucosal Lesions: Beyond the Optical Colonoscopy . Alvarez; C. Hayoun; L. Herraiz; R. Cano; A. Fernandez; V.Martinez.<\/li>\n<li>The multiple faces of nervous system lymphoma. Typical and atypical mri features\u00a0and contribution of the advanced imaging. Mar Jim\u00e9nez de la Pe\u00f1a,\u00a0 Raquel Cano Alonso,\u00a0 Antonio\u00a0 Maldonado Su\u00e1rez,\u00a0 Lidia G\u00f3mez Vicente, Teresa Maikas Cepeda, Silvia Fuertes\u00a0 <u>\u00a0<\/u><u>Trabajo seleccionado para publicar en Radiographics.<\/u><strong><br \/>\n<\/strong><\/li>\n<\/ol>\n<\/li>\n<li><strong>Radiological Society of North America (RSNA), 99<sup>th<\/sup> Scientific assembly and annual meeting: McCormick Place (Chicago), 1-6 de Diciembre de 2013.<\/strong>\n<ol>\n<li>Neurodegenerative diseases: Advances in functional imaging. M Jim\u00e9nez De La Pe\u00f1a; R Cano Alonso; A Maldonado; M Recio Rodr\u00edguez; J Carrascoso Arranz; V Mart\u00ednez de Vega. Educational exhibit #13013825 .<u> CERTIFICATE OF MERIT.<\/u><\/li>\n<li>Breast Magnetic Resonance: Diffusion Does Not Lie: Correlation between ADC and Histologic Findings in Breast Lesions. Educational exhibit # 13013756. V Martinez De Vega,\u00a0 S Linares Gonzalez, C K Otani, M Recio Rodriguez, J Carrascoso Arranz.\u00a0 R Cano Alonso.<\/li>\n<li>Prostate Cancer: PET\/CT with 18 F-Choline. Educational exhibit # 13013825\u00a0. M Recio Rodriguez, A Maldonado,\u00a0 S Fuertes, V Martinez de Vega,\u00a0 R Cano Alonso, M Jimenez De La Pena. <u>CERTIFICATE OF MERIT.<\/u> <u>Trabajo seleccionado para publicar en Radiographics.<\/u><\/li>\n<\/ol>\n<\/li>\n<li><strong>European Society of Neuroradiology.<\/strong> <strong>Diagnostic and Interventional 37th Annual meeting &#8211; Frankfurt, Germany &#8211; September 28 &#8211; October 1, 2013.<\/strong>\n<ol>\n<li>Diffusion tensor MR imaging and tractography at 3.0t: anatomy and clinical applications. Recio, L.C. Hern\u00e1ndez, J. Carrascoso, R. Cano, A. \u00c1lvarez, V. Mart\u00ednez De Vega.<\/li>\n<\/ol>\n<\/li>\n<li><strong>IX National Congress of the SPNR and XLII Annual Meeting of the SENR.17\u201319 October 2013, Lisbon, Portugal<\/strong>\n<ol>\n<li>The multiple faces of nervous system lymphoma. typical and atypical MRI features. Jim\u00e9nez; R. Cano Alonso; A. Maldonado; L. G\u00f3mez; D. Ezpeleta<\/li>\n<\/ol>\n<\/li>\n<li><strong>Annual Meeting of American Roetgen Ray Society (ARRS) April 14 &#8211; 19, 2013; Washington, DC.<\/strong>\n<ol>\n<li>Neurodegenerative diseases: advances in functional neuroimaging. Jimenez De La Pe\u00f1a, J. Pardo Moreno, A. Maldonado, R. Cano Alonso, M. Recio Rodr\u00edguez, J. Carrascoso.<\/li>\n<\/ol>\n<\/li>\n<li><strong>European Congress of Radiology ECR 2013: Viena (Austria), 7-11 de Marzo de 2013.<\/strong>\n<ol>\n<li>C-0423.\u00a0MR of the\u00a0adult elbow: what a resident needs to know. Educational Exhibit . R. Cano Alonso, L. Herraiz Hidalgo, J. Carrascoso, E. Alvarez Moreno, J. J. G\u00f3mez Herrera, V. Martinez de Vega.DOI: 10.1594\/ecr2013\/C-0423.<\/li>\n<li>C-0482.\u00a0Fetal MRI: thoracic, abdominal and pelvic pathology. Educational Exhibit . M. Recio, P. Mart\u00ednez Ten, J. P\u00e9rez Pedregosa, J. Carrascoso, V. Martinez de Vega, C. Bermejo, I. Tamarit, E. Alvarez, Cano Alonso. DOI: 10.1594\/ecr2013\/C-0482.<\/li>\n<li>C-0815. Endometriosis, what radiologists should know. Educational Exhibit . E. Alvarez Moreno, M. Jimenez De La Pe\u00f1a, L. Herraiz Hidalgo, T. Quintana Kwak, M. Recio, A. Alvarez Vazquez, R. Cano Alonso. C. Hayoun, A. Fern\u00e1ndez. DOI: 10.1594\/ecr2013\/C-0815.<\/li>\n<li>C-0818. Neurodegenerative diseases: advances in functional neuroimaging. Educational Exhibit. M. Jimenez De La Pe\u00f1a, J. Pardo Moreno, A. Maldonado,R. Cano Alonso, M. Recio Rodr\u00edguez, J. Carrascoso. DOI: 10.1594\/ecr2013\/C-0818.<\/li>\n<li>C-0896 . MRI-brachytheraphy in cervical carcinoma: a practical review for the radiologist. Educational Exhibit. M. Jimenez De La Pe\u00f1a, E. del Cerro Pe\u00f1alver, E. Alvarez Moreno, R. Cano Alonso, E. Fern\u00e1ndez Delgado, V. Martinez de Vega. 10.1594\/ecr2013\/C-0896.<\/li>\n<li>FETAL MRI: THORACIC, ABDOMINAL AND PELVIC PATHOLOGY. EUROPEAN CONGRESS OF RADIOLOGY. P\u00f3ster M. Recio, P. Mart\u00ednez Ten, J. P\u00e9rez Pedregosa, J. Carrascoso, V. Martinez de Vega, C.Bermejo, I. Tamarit, E. Alvarez, R. Cano Alonso.<\/li>\n<\/ol>\n<\/li>\n<li><strong>Radiological Society of North America (RSNA), 98<sup>th<\/sup> Scientific assembly and annual meeting: McCormick Place (Chicago), 25-30 de Noviembre de 2012.<\/strong>\n<ol>\n<li>LL-MSE4344: Diffusion-Weighted MRI at 3 T for the Evaluation of Abdominopelvic Pathology. <u>Cuarto autor<\/u> Recio Rodr\u00edguez; V. Mart\u00ednez de Vega; L. Herr\u00e1iz Hidalgo; R. Cano Alonso; E. Alvarez Moreno; A. Maldonado<\/li>\n<li>Preoperative evaluation of bowel endometriosis by MRI. Quinto autor<u>.<\/u> <u>. L. Herr\u00e1iz Hidalgo; E. Alvarez Moreno; M Espada; M. Jim\u00e9nez de la Pe\u00f1a; R. Cano Alonso; V. Mart\u00ednez de Vega.<\/u><\/li>\n<\/ol>\n<\/li>\n<li><strong>European Congress of Radiology ECR 2012: Viena (Austria), 1-5 de <\/strong><strong>Marzo de 2012.<\/strong>\n<ol>\n<li>C-0452. \u00abSpontaneous skull base cerebrospinal fluid fistulas and meningoencephaloceles in adults: A pictorial review\u00bb. <u>Primer autor<\/u>. DOI: 10.1594\/ecr2012\/C-0452. Cano Alonso, M. Jimenez De La Pe\u00f1a, A. Gomez Caicoya, M. Recio Rodriguez, J. J. G\u00f3mez Herrera, E. Alvarez Moreno, L. Herraiz Hidalgo, J. Carrascoso Arranz, V. Martinez de Vega.<\/li>\n<li>C-0326. \u00abOsteosarcoma as a rare cause of jaw pain: imaging techniques key features with radiologic-pathologic correlation\u00bb. <u>Quinto autor<\/u>. DOI: 10.1594\/ecr2012\/C-0326. J. G\u00f3mez Herrera, J. Carrascoso, A. Marin Toribio, L. Herraiz Hidalgo, R. Cano Alonso<\/li>\n<li>C-1033. \u00abRole of imaging in gynecologic oncology and advanced pelvic surgery\u00bb. <u>Quinto autor<\/u>. DOI: 10.1594\/ecr2012\/C-1033. . Alvarez Moreno, J. J. G\u00f3mez Herrera, M. Jimenez De La Pe\u00f1a, R. Sainz de la Cuesta, R. Cano Alonso, L. Herraiz Hidalgo<\/li>\n<\/ol>\n<\/li>\n<li><strong>Radiological Society of North America (RSNA), 97<sup>th<\/sup> Scientific assembly and annual meeting: McCormick Place (Chicago), 27 de Noviembre- 2 de Diciembre, 2011.<\/strong>\n<ol>\n<li>LL-NRE4053. \u00abSpontaneous Skull Base Meningoencephaloceles and Meningoceles: An Infrequent Entity Not to Be Overlooked\u00bb. <u>Primer autor<\/u>. CERTIFICATE OF MERIT. Cano Alonso, M. Jim\u00e9nez de la Pe\u00f1a, A. G\u00f3mez Caicoya , M. Recio Rodr\u00edguez, E. \u00c1lvarez Moreno, V. Mart\u00ednez de Vega<\/li>\n<li>LL-BRE4393. \u00abBreast MRI: The Importance of Fat Tissue Characterization (Fat Is Not That Bad)\u00bb. <u>Tercer autor.<\/u> <u>V Martinez De Vega; W Madriz Meza; R Cano Alonso; L Herraiz Hidalgo, J Carrascoso Arranz, J H Gomez<\/u><\/li>\n<li>LL-OBE2584.\u00bb Fetal MR Imaging of Congenital Chest Abnormalities. <u>Tercer autor\u00bb<\/u>. CERTIFICATE OF MERIT. Manuel Recio Rodr\u00edguez, Vicente Mart\u00ednez de Vega Fern\u00e1ndez; Raquel Cano Alonso; Pilar Mart\u00ednez Ten; Javier P\u00e9rez Pedregosa; Javier Carrascoso Arranz<\/li>\n<li>LL-BRE4386. \u00abSegmental Enhancement on Breast MRI: Always A Suspicious Finding. Radiologic-Pathologic Correlation Study of 45 Cases\u00bb. <u>Cuarto autor<\/u> V Martinez De Vega; W Madriz Meza; M Recio Rodriguez; R Cano Alonso; E Alvarez, MD; J Carrascoso Arranz<\/li>\n<li>LL-BRE4375. \u00abHelp Me to Avoid Unnecessary Breast Biopsies: The Diagnostic Challenge of MR Fibroadenoma\u00bb. <u>Quinto autor.<\/u> <u>V Martinez De Vega, Madrid; W Madriz Mez; M Recio Rodriguez; R Cano Alonso; M Jimenez De La Pena; E Alvarez<\/u><\/li>\n<li>LL-OBE2585. \u00abMRI-Brachytherapy in Cervical Carcinoma: A Pictorial Review for the Radiologist\u00bb. <u>Cuarto autor.<\/u> <u> Jim\u00e9nez de La Pe\u00f1a; E. del Cerro Pe\u00f1alver; E. Alvarez Moreno; Raquel Cano Alonso; Vicente Mart\u00ednez de Vega, J. Carrascoso Arranz<\/u><\/li>\n<li>LL-NRE4119. Spread Patterns of Glioblastoma Multiforme. <u>Quinto autor.<\/u> <u> Sotolongo; M. Jim\u00e9nez de La Pe\u00f1a; J. Pardo Moreno; M.Recio Rodriguez; Raquel Cano Alonso, J. Carrascoso Arranz<\/u><\/li>\n<li>LL-OBE2559. \u00abPictorial Review of Advanced Oncologic Surgery Techniques in Gynecology: What the Radiologist Needs to Know\u00bb. <u>Elena Alvarez ,Mar Jimenez De La Pena, Ricardo Sainz De La CuestaLucia Gonzalez Cortijo, <\/u><u>Raquel Cano Alonso Luis Herraiz Hidalgo<\/u><\/li>\n<li>LL-MKE2118.\u00b7 M\u00fcller-Weiss Disease: Greatly Unknown, Great Pretender\u00b7. <u>Octavo autor.<\/u><u> . J Carrascoso Arranz, Pozuelo de Alarcon Madrid; M M De La Rosa; E Maceira Suarez; M Recio Rodriguez; M Jimenez De La Pe\u00f1a; L Herraiz Hidalgo<\/u><\/li>\n<\/ol>\n<\/li>\n<li><strong>European Congress of Radiology ECR 2011: Viena (Austria), 3-7 de Marzo de 2011.<\/strong>\n<ol>\n<li>C-0024. \u00abMultidetector CT findings of blunt and direct renal trauma with emphasis on politraumatized patients: A pictorial essay. <u>Primer autor.<\/u> DOI: 1594\/ecr2011\/C-0024.<\/li>\n<li>C-0053.\u00a0 \u201cMR Imaging Findings of Radiation-induced Changes after Treatment of Malignant Gliomas and Metastases, with a Particular Emphasis on Radiation Necrosis\u00bb. <u>Primer autor.<\/u> DOI: 10.1594\/ecr2011\/C-0053.<\/li>\n<li>C-0313. \u201cNon-small cell lung cancer (NSCLC): Review of the seventh edition of the TNM staging system and role of imaging in the staging and follow-up of NSCLC\u201d. <u>Primer autor.<\/u> DOI: 10.1594\/ecr2011\/C-0313.<\/li>\n<li>C-1285. \u00abThe spinal cord. New sequences in 3 T MRI, anatomy and pathology\u00bb. J. Carrascoso Arranz, M. Jim\u00e9nez De La Pe\u00f1a, R. Cano, E. \u00c1lvarez Moreno, V. Mart\u00ednez de Vega. Alonso<u>.<\/u> DOI: 10.1594\/ecr2011\/C-1285.<\/li>\n<li>C-0317. \u00abMagnetic Resonance Imaging in the Evaluation of Normal Fetal Brain Development and Brain and Spinal Abnormalities\u00bb<u>. S\u00e9ptimo autor. <\/u>DOI: 10.1594\/ecr2011\/C-0317.<\/li>\n<li>C-0542. \u00abDiffusion-Tensor MR Imaging and Tractography at 3 T: Anatomy and Clinical Applications\u00bb.<u> S\u00e9ptimo autor.<\/u> DOI: 10.1594\/ecr2011\/C-0542.<\/li>\n<\/ol>\n<\/li>\n<li><strong>Radiological Society of North America (RSNA), 96<sup>th<\/sup> Scientific assembly and annual meeting: McCormick Place (Chicago), 29 de Noviembre-4 de Diciembre de 2010.<\/strong>\n<ol>\n<li>LL-GIE2430. \u00abMagnetic Resonance Imaging, assessment and literature review of Crohn\u00b4s disease:spectrum of findings and disease activity-our personal experience. <u>Tercer autor\u00bb.<\/u> <u>CUM LAUDE<\/u> <u>L Herraiz Hidalgo, E. \u00c1lvarez Moreno, R. Cano Alonso, M. Recio Rodriguez, M. Jim\u00e9nez De La Pe\u00f1a , V. Martinez de Vega<\/u> <u>COMPROBAR SI CUARTO SEGUNDO) ir a memroria quironica<\/u><\/li>\n<li>LL-GIE2479. \u00abNon-tumorous perirectal and perianal lesions: Evaluations with high resolution 3.0-T MRI protocol\u00bb. <u>Cuarto autor. CUM LAUDE. <\/u><u>L Herraiz Hidalgo, R. Cano Alonso, E. \u00c1lvarez Moreno, M. Recio Rodriguez, J. Carrascoso Arranz, V. Martinez de Vega (COMPROBAR SI CUARTO\u00a0 SEGUNDO)<\/u><\/li>\n<li>LL-NRE2812. \u00abDiffusion tensor MR imaging and tractography at 3T: anatomy and clinical applications\u00bb. <u> Recio Rodr\u00edguez, V. Mart\u00ednez de Vega Fern\u00e1ndez, L Hernandez Gonzalez ; L Herr\u00e1iz Hidalgo; R Cano Alonso; E \u00c1lvarez<\/u>.CUM LAUDE.<\/li>\n<\/ol>\n<\/li>\n<li><strong>European Congress of Radiology ECR 2010: Viena (Austria), 4-8 de Marzo de 2010.<\/strong>\n<ol>\n<li>C-1193. \u00bb Role of 3.0 T diffusion-weighted imaging (DWI) in the follow-up of gynecological cancer: Comparison with PET-TC\u00bb. <u>Tercer autor.<\/u> DOI: 10.1594\/ecr2010\/C-1193.<\/li>\n<\/ol>\n<\/li>\n<li><strong>Radiological Society of North America (RSNA), 95<sup>th<\/sup> Scientific assembly and annual meeting: McCormick Place (Chicago), 29 de Noviembre-4 de Diciembre de 2009.<\/strong>\n<ol>\n<li>LL-NR4461.\u201cMR Imaging Findings of Radiation-induced Changes after Treatment of Malignant Gliomas and Metastases, with a Particular Emphasis on Radiation Necrosis\u201d. <u>Primer autor.<\/u><\/li>\n<li>\u201cPelvic Trauma: What, Where,\u00a0and when\u201d: <u>Quinto autor<\/u>.<\/li>\n<\/ol>\n<\/li>\n<li><strong>European Congress of Radiology ECR 2009: Viena (Austria), 6-10 de Marzo de 2009.<\/strong>\n<ol>\n<li>C-475. \u201cMetastatic Salivary Gland Tumors: A Pictorial Review of an infrequent finding\u201d: Educational Exhibit. \u00a0<u>Primer autor.<\/u> <u>R. Cano Alonso<\/u>; M. Navallas Irujo, P. D\u00edez Mart\u00ednez; L. Ib\u00e1\u00f1ez Sanz; I. Arribas Garc\u00eda; A. Alcal\u00e1-Galiano Rubio.<\/li>\n<li>C-312. \u201cAcute Female Pelvic Disease: Role of MDCT in Emergency Radiology with Emphasis on Gynecologic and Obstetric Disorders\u201d: Educational Exhibit. <u>Primer autor. R. Cano Alonso; <\/u>P. D\u00edez Mart\u00ednez, M. Navallas Irujo; L. Ib\u00e1\u00f1ez Sanz; S. Borruel Nacenta, J. Gomez Herrera..<\/li>\n<li>C-261. \u201cRole of Computed Tomography after Pulmonary Endarterctomy\u201d: Tercer autor.<\/li>\n<li>C-146. \u201cCongenital Heart Disease in Adults: Role of MDCT\u201d: <u>Cuarto autor.<\/u><\/li>\n<\/ol>\n<\/li>\n<li><strong>Radiological Society of North America (RSNA), 94<sup>th<\/sup> Scientific assembly and annual meeting: McCormick Place (Chicago), 30 de Noviembre-5 de Diciembre de 2008.<\/strong>\n<ol>\n<li>LL-ER4534. \u201cKidney In Danger! CT Findings Of Blunt and Direct Renal Trauma With Emphasis On Polytraumatized Patients: A Pictorial Essay\u201d: Education Exhibit<u> . <\/u><u>Primer autor.<\/u> <u>R. Cano Alonso, <\/u>P. D\u00edez Martinez, S. Borruel Nacenta, A. Sanchez Guerrero, C. Garcia Fuentes, L. J. Terceros Almanza.<\/li>\n<li>LL-BR2649. \u201cLumps In The Breast Of Children and Adolescents\u201d: Education Exhibit<u> . <\/u><u>Tercer autor<\/u>. L. Iba\u00f1ez, C. Gallego-Herrero,<u> R. Cano Alonso,<\/u> M. Navallas, P. D\u00edez Mart\u00ednez, E. Zabia.<\/li>\n<\/ol>\n<\/li>\n<li><strong>European Congress of Radiology (ECR 2008). Viena (Austria), 7-11 de Marzo de 2008.<\/strong>\n<ol>\n<li>C-674.\u201cChordoma: Radiologic-Pathologic Correlation. Global View and Main Details\u201d: <u>Segundo autor.<\/u><\/li>\n<li>C-834. \u00a0\u201cLumps in the Breast of Children and Adolescents\u201d: Educational Exhibit. <u>Cuarto autor. <\/u>L. Iba\u00f1ez, M. Gallego, P. Diez, <u>\u00a0\u00a0\u00a0<\/u>, E. Salvador, E. Monedero.<\/li>\n<li>C-719. \u201cMeningeal Enhancement: Causes And Radiological Findings\u201d: <u>Quinto autor<\/u>.<\/li>\n<\/ol>\n<\/li>\n<li><strong>Radiological Society of North America (RSNA), 93<sup>rd<\/sup> scientific assembly and annual meeting. McCormick Place (Chicago), 25-30 de Noviembre de 2007.<\/strong>\n<ol>\n<li>LL-ER6729. \u201cRole of MDCT in the Management of Acute Female Pelvic Disease\u201d: Education Exhibit. <u>Primer autor. R. Cano Alonso<\/u>, P. D\u00edez, A. Ortiz de Mendivil Arrate, M. Navallas, L. Iba\u00f1ez, S. Borruel.,<\/li>\n<li>LL-CH3330. \u201cRole of \u00a0Multidetector-CT after Pulmonary Endarterectomy\u201d: Education Exhibit. <u>\u00a0<\/u><u>Tercer autor. <\/u>P. D\u00edez Mart\u00ednez, M.A Sanchez Nistal, <u>R. Cano Alonso<\/u>, M. Navallas, L. Iba\u00f1ez, A. E Arenas de Pablo.<\/li>\n<li>LL-NR4521. \u201cCentral Nervous System Parasitic Infections: Current Trends Due To Inmigration and World-Wide Travelling\u201d: Education Exhibit.<u>Tercer autor.<\/u> M. Navallas, \u00a0A. Mart\u00ednez de Arag\u00f3n; <u>Raquel Cano Alonso<\/u>; P. D\u00edez Mart\u00ednez; T. Diaz de Bustamante, E. Salto.<\/li>\n<li>LL-GI6520. \u201cMultidetector CT Imaging In Gastrointestinal Track Volvulus: A pictorial essay\u201d: Education Exhibit. <u>\u00a0<\/u>\u00a0<u>Cuarto autor.<\/u> L. Iba\u00f1ez,\u00a0 M. Navallas, E. Alvarez, R. Cano Alonso, P. D\u00edez Mart\u00ednez.<\/li>\n<\/ol>\n<\/li>\n<li><strong>European Society of Gastrointestinal and Abdominal Radiology (ESGAR). 18\u00ba annual meeting and postgraduate course. Lisboa (Portugal), 12-15 Junio de 2007.<\/strong>\n<ol>\n<li>P-049. \u201dImaging Findings of Hematogenous Metastases of the Gastrointestinal Tract with Radiologic-Pathologic Correlation\u201d: <u>Quinto autor.<\/u><\/li>\n<\/ol>\n<\/li>\n<li><strong>European Congress of Radiology (ECR 2007). Viena (Austria), 9 -13 marzo de 2007.<\/strong>\n<ol>\n<li>C-018. \u201cUnusual Manifestations Of Hidatyd Disease: A Pictorial Review of Our Experience in the Last 10 Years\u201d: Educational Exhibit<u>. <\/u><u>Cuarto autor<\/u>. A. Ortiz de Mendivil Arrate, M.M. Mart\u00ednez Gonz\u00e1lez, P. Diez Mart\u00ednez, <u>R. Cano Alonso<\/u>, S. Borruel Nacenta, R. Navas Espejo.<\/li>\n<li>C-489. \u201cHead And Neck Traumatic Vascular Lesions\u201d: Educational Exhibit. <u>Cuarto autor: <\/u>A. Alcala-Galiano, F. Ballenilla, A. Ramos, <u>R. Cano<\/u>, M. Navallas, E.Zabia, J. Campollo.<\/li>\n<\/ol>\n<\/li>\n<\/ol>\n<ol>\n<li style=\"list-style-type: none;\"><\/li>\n<\/ol>\n<p>[\/vc_column_text][\/vc_column][\/vc_row]<\/p>\n","protected":false},"excerpt":{"rendered":"<p>[vc_row][vc_column][vc_column_text] Radiological Society of North America (RSNA), 103th Scientific assembly and annual meeting: McCormick Place (Chicago), 26 Noviembre-1 de Diciembre de 2017. Prenatal and postnatal MRI diagnosis of cerebral tuberous sclerosis (CTS). Manuel Recio Rodr\u00edguez, Raquel Cano Alonso, Pilar Mart\u00ednez Ten, Vicente Mart\u00ednez de Vega, Silvia Badillo Rodr\u00edguez-Portugal, Chawar Hayoun Radiological Society of North America [&hellip;]<\/p>\n","protected":false},"author":1,"featured_media":80,"parent":0,"menu_order":0,"comment_status":"closed","ping_status":"closed","template":"","meta":{"_acf_changed":false,"footnotes":""},"class_list":["post-283","page","type-page","status-publish","hentry"],"acf":[],"_links":{"self":[{"href":"https:\/\/www.raquelcanoalonso.com\/index.php?rest_route=\/wp\/v2\/pages\/283","targetHints":{"allow":["GET"]}}],"collection":[{"href":"https:\/\/www.raquelcanoalonso.com\/index.php?rest_route=\/wp\/v2\/pages"}],"about":[{"href":"https:\/\/www.raquelcanoalonso.com\/index.php?rest_route=\/wp\/v2\/types\/page"}],"author":[{"embeddable":true,"href":"https:\/\/www.raquelcanoalonso.com\/index.php?rest_route=\/wp\/v2\/users\/1"}],"replies":[{"embeddable":true,"href":"https:\/\/www.raquelcanoalonso.com\/index.php?rest_route=%2Fwp%2Fv2%2Fcomments&post=283"}],"version-history":[{"count":6,"href":"https:\/\/www.raquelcanoalonso.com\/index.php?rest_route=\/wp\/v2\/pages\/283\/revisions"}],"predecessor-version":[{"id":433,"href":"https:\/\/www.raquelcanoalonso.com\/index.php?rest_route=\/wp\/v2\/pages\/283\/revisions\/433"}],"wp:featuredmedia":[{"embeddable":true,"href":"https:\/\/www.raquelcanoalonso.com\/index.php?rest_route=\/wp\/v2\/media\/80"}],"wp:attachment":[{"href":"https:\/\/www.raquelcanoalonso.com\/index.php?rest_route=%2Fwp%2Fv2%2Fmedia&parent=283"}],"curies":[{"name":"wp","href":"https:\/\/api.w.org\/{rel}","templated":true}]}}