{"id":94,"date":"2018-11-26T15:36:25","date_gmt":"2018-11-26T15:36:25","guid":{"rendered":"https:\/\/www.raquelcanoalonso.com\/?page_id=94"},"modified":"2018-12-07T11:39:04","modified_gmt":"2018-12-07T11:39:04","slug":"participacion-en-libros","status":"publish","type":"page","link":"https:\/\/www.raquelcanoalonso.com\/?page_id=94","title":{"rendered":"Participaci\u00f3n en Libros"},"content":{"rendered":"<p>[vc_row css=\u00bb.vc_custom_1543908444087{background-color: #ffffff !important;}\u00bb][vc_column width=\u00bb2\/12&#8243;][vc_single_image image=\u00bb413&#8243; img_size=\u00bbmedium\u00bb alignment=\u00bbcenter\u00bb][\/vc_column][vc_column width=\u00bb10\/12&#8243; el_class=\u00bbcaja_publicacion\u00bb css=\u00bb.vc_custom_1543908510112{background-color: #f7f7f7 !important;}\u00bb][vc_column_text el_class=\u00bbtitulo\u00bb]Crohn\u2019s Disease: Classification, Diagnosis and Treatment Options[\/vc_column_text][vc_column_text el_class=\u00bbautores\u00bb]Luis Herraiz,Hidalgo, Raquel Cano Alonso, Ana Bermejo Mor\u00ed\u00f1igo, Vicente Mart\u00ednez de Vega Fernandez[\/vc_column_text][vc_column_text el_class=\u00bbautores\u00bb]Chapter 7: \u00abMagnetic resonance enterography. Review of the technique and assessment of Crohn&#8217;s disease: Spectrum of findings and disease activity\u00bb[\/vc_column_text][vc_column_text el_class=\u00bbpublicacion\u00bb]Editores:\u00a0Jean Guy LeBlanc , Alejandra de Moreno de LeBlanc (CERELA-CONICET), San Miguel de Tucum\u00e1n, Argentina) .<br \/>\nSeries:\u00a0\u00a0Digestive Diseases &#8211; Research and Clinical Developments.\u00a0 ebook. \u00a0 Pub. Date:\u00a02013.<br \/>\nISBN:\u00a0978-1-62618-650-7.\u00a0 Nova Science Publishers .[\/vc_column_text][\/vc_column][\/vc_row]<\/p>\n","protected":false},"excerpt":{"rendered":"<p>[vc_row css=\u00bb.vc_custom_1543908444087{background-color: #ffffff !important;}\u00bb][vc_column width=\u00bb2\/12&#8243;][vc_single_image image=\u00bb413&#8243; img_size=\u00bbmedium\u00bb alignment=\u00bbcenter\u00bb][\/vc_column][vc_column width=\u00bb10\/12&#8243; el_class=\u00bbcaja_publicacion\u00bb css=\u00bb.vc_custom_1543908510112{background-color: #f7f7f7 !important;}\u00bb][vc_column_text el_class=\u00bbtitulo\u00bb]Crohn\u2019s Disease: Classification, Diagnosis and Treatment Options[\/vc_column_text][vc_column_text el_class=\u00bbautores\u00bb]Luis Herraiz,Hidalgo, Raquel Cano Alonso, Ana Bermejo Mor\u00ed\u00f1igo, Vicente Mart\u00ednez de Vega Fernandez[\/vc_column_text][vc_column_text el_class=\u00bbautores\u00bb]Chapter 7: \u00abMagnetic resonance enterography. Review of the technique and assessment of Crohn&#8217;s disease: Spectrum of findings and disease activity\u00bb[\/vc_column_text][vc_column_text el_class=\u00bbpublicacion\u00bb]Editores:\u00a0Jean Guy [&hellip;]<\/p>\n","protected":false},"author":1,"featured_media":403,"parent":0,"menu_order":0,"comment_status":"closed","ping_status":"closed","template":"","meta":{"_acf_changed":false,"footnotes":""},"class_list":["post-94","page","type-page","status-publish","hentry"],"acf":[],"_links":{"self":[{"href":"https:\/\/www.raquelcanoalonso.com\/index.php?rest_route=\/wp\/v2\/pages\/94","targetHints":{"allow":["GET"]}}],"collection":[{"href":"https:\/\/www.raquelcanoalonso.com\/index.php?rest_route=\/wp\/v2\/pages"}],"about":[{"href":"https:\/\/www.raquelcanoalonso.com\/index.php?rest_route=\/wp\/v2\/types\/page"}],"author":[{"embeddable":true,"href":"https:\/\/www.raquelcanoalonso.com\/index.php?rest_route=\/wp\/v2\/users\/1"}],"replies":[{"embeddable":true,"href":"https:\/\/www.raquelcanoalonso.com\/index.php?rest_route=%2Fwp%2Fv2%2Fcomments&post=94"}],"version-history":[{"count":7,"href":"https:\/\/www.raquelcanoalonso.com\/index.php?rest_route=\/wp\/v2\/pages\/94\/revisions"}],"predecessor-version":[{"id":414,"href":"https:\/\/www.raquelcanoalonso.com\/index.php?rest_route=\/wp\/v2\/pages\/94\/revisions\/414"}],"wp:featuredmedia":[{"embeddable":true,"href":"https:\/\/www.raquelcanoalonso.com\/index.php?rest_route=\/wp\/v2\/media\/403"}],"wp:attachment":[{"href":"https:\/\/www.raquelcanoalonso.com\/index.php?rest_route=%2Fwp%2Fv2%2Fmedia&parent=94"}],"curies":[{"name":"wp","href":"https:\/\/api.w.org\/{rel}","templated":true}]}}